CRAN Package Check Results for Package roots

Last updated on 2021-09-26 10:49:46 CEST.

Flavor Version Tinstall Tcheck Ttotal Status Flags
r-devel-linux-x86_64-debian-clang 1.0 8.81 68.80 77.61 NOTE
r-devel-linux-x86_64-debian-gcc 1.0 5.84 53.21 59.05 NOTE
r-devel-linux-x86_64-fedora-clang 1.0 101.23 NOTE
r-devel-linux-x86_64-fedora-gcc 1.0 89.99 NOTE
r-devel-windows-x86_64 1.0 8.00 74.00 82.00 NOTE
r-devel-windows-x86_64-gcc10-UCRT 1.0 NOTE
r-patched-linux-x86_64 1.0 8.27 66.43 74.70 NOTE
r-patched-solaris-x86 1.0 136.90 NOTE
r-release-linux-x86_64 1.0 8.69 66.28 74.97 NOTE
r-release-macos-arm64 1.0 NOTE
r-release-macos-x86_64 1.0 NOTE
r-release-windows-ix86+x86_64 1.0 17.00 65.00 82.00 NOTE
r-oldrel-macos-x86_64 1.0 OK
r-oldrel-windows-ix86+x86_64 1.0 14.00 65.00 79.00 OK

Check Details

Version: 1.0
Check: LazyData
Result: NOTE
     'LazyData' is specified without a 'data' directory
Flavors: r-devel-linux-x86_64-debian-clang, r-devel-linux-x86_64-debian-gcc, r-devel-linux-x86_64-fedora-clang, r-devel-linux-x86_64-fedora-gcc, r-devel-windows-x86_64, r-devel-windows-x86_64-gcc10-UCRT, r-patched-linux-x86_64, r-patched-solaris-x86, r-release-linux-x86_64, r-release-macos-arm64, r-release-macos-x86_64, r-release-windows-ix86+x86_64