CRAN Package Check Results for Package robets

Last updated on 2021-06-24 10:52:37 CEST.

Flavor Version Tinstall Tcheck Ttotal Status Flags
r-devel-linux-x86_64-debian-clang 1.4 40.34 74.78 115.12 NOTE
r-devel-linux-x86_64-debian-gcc 1.4 27.28 54.65 81.93 NOTE
r-devel-linux-x86_64-fedora-clang 1.4 156.50 NOTE
r-devel-linux-x86_64-fedora-gcc 1.4 136.38 NOTE
r-devel-windows-x86_64 1.4 53.00 90.00 143.00 NOTE
r-devel-windows-x86_64-gcc10-UCRT 1.4 ERROR
r-patched-linux-x86_64 1.4 36.18 69.64 105.82 NOTE
r-patched-solaris-x86 1.4 176.60 NOTE
r-release-linux-x86_64 1.4 30.51 70.98 101.49 NOTE
r-release-macos-arm64 1.4 NOTE
r-release-macos-x86_64 1.4 NOTE
r-release-windows-ix86+x86_64 1.4 71.00 143.00 214.00 NOTE
r-oldrel-macos-x86_64 1.4 OK

Check Details

Version: 1.4
Check: LazyData
Result: NOTE
     'LazyData' is specified without a 'data' directory
Flavors: r-devel-linux-x86_64-debian-clang, r-devel-linux-x86_64-debian-gcc, r-devel-linux-x86_64-fedora-clang, r-devel-linux-x86_64-fedora-gcc, r-devel-windows-x86_64, r-patched-linux-x86_64, r-patched-solaris-x86, r-release-linux-x86_64, r-release-macos-arm64, r-release-macos-x86_64, r-release-windows-ix86+x86_64

Version: 1.4
Check: package dependencies
Result: ERROR
    Package required but not available: 'forecast'
    
    See section 'The DESCRIPTION file' in the 'Writing R Extensions'
    manual.
Flavor: r-devel-windows-x86_64-gcc10-UCRT