CRAN Package Check Results for Package rmgarch

Last updated on 2021-05-11 10:48:38 CEST.

Flavor Version Tinstall Tcheck Ttotal Status Flags
r-devel-linux-x86_64-debian-clang 1.3-7 161.26 269.08 430.34 OK
r-devel-linux-x86_64-debian-gcc 1.3-7 109.98 196.93 306.91 OK
r-devel-linux-x86_64-fedora-clang 1.3-7 587.14 NOTE
r-devel-linux-x86_64-fedora-gcc 1.3-7 517.34 OK
r-devel-windows-ix86+x86_64 1.3-7 238.00 336.00 574.00 NOTE
r-devel-windows-x86_64-gcc10-UCRT 1.3-7 OK
r-patched-linux-x86_64 1.3-7 135.57 257.78 393.35 OK
r-patched-solaris-x86 1.3-7 555.80 OK
r-release-linux-x86_64 1.3-7 123.03 239.48 362.51 OK
r-release-macos-x86_64 1.3-7 NOTE
r-release-windows-ix86+x86_64 1.3-7 225.00 249.00 474.00 NOTE
r-oldrel-macos-x86_64 1.3-7 NOTE
r-oldrel-windows-ix86+x86_64 1.3-7 281.00 230.00 511.00 NOTE

Check Details

Version: 1.3-7
Check: installed package size
Result: NOTE
     installed size is 8.9Mb
     sub-directories of 1Mb or more:
     R 2.1Mb
     libs 5.8Mb
Flavors: r-devel-linux-x86_64-fedora-clang, r-devel-windows-ix86+x86_64, r-release-macos-x86_64, r-release-windows-ix86+x86_64, r-oldrel-macos-x86_64, r-oldrel-windows-ix86+x86_64