CRAN Package Check Results for Package repfdr

Last updated on 2021-06-14 10:52:00 CEST.

Flavor Version Tinstall Tcheck Ttotal Status Flags
r-devel-linux-x86_64-debian-clang 1.2.3 24.63 43.15 67.78 OK
r-devel-linux-x86_64-debian-gcc 1.2.3 15.35 33.05 48.40 OK
r-devel-linux-x86_64-fedora-clang 1.2.3 93.44 OK
r-devel-linux-x86_64-fedora-gcc 1.2.3 79.90 OK
r-devel-windows-x86_64 1.2.3 32.00 69.00 101.00 OK
r-devel-windows-x86_64-gcc10-UCRT 1.2.3 OK
r-patched-linux-x86_64 1.2.3 18.06 42.25 60.31 OK
r-patched-solaris-x86 1.2.3 96.50 OK
r-release-linux-x86_64 1.2.3 19.46 41.74 61.20 OK
r-release-macos-arm64 1.2.3 OK
r-release-macos-x86_64 1.2.3 OK
r-release-windows-ix86+x86_64 1.2.3 46.00 92.00 138.00 NOTE
r-oldrel-macos-x86_64 1.2.3 OK
r-oldrel-windows-ix86+x86_64 1.2.3 45.00 86.00 131.00 NOTE

Check Details

Version: 1.2.3
Check: installed package size
Result: NOTE
     installed size is 5.4Mb
     sub-directories of 1Mb or more:
     data 2.4Mb
     libs 2.1Mb
Flavors: r-release-windows-ix86+x86_64, r-oldrel-windows-ix86+x86_64