CRAN Package Check Results for Package regexPipes

Last updated on 2021-06-21 10:52:47 CEST.

Flavor Version Tinstall Tcheck Ttotal Status Flags
r-devel-linux-x86_64-debian-clang 0.0.1 1.81 19.97 21.78 NOTE
r-devel-linux-x86_64-debian-gcc 0.0.1 1.17 16.03 17.20 NOTE
r-devel-linux-x86_64-fedora-clang 0.0.1 35.90 NOTE
r-devel-linux-x86_64-fedora-gcc 0.0.1 25.71 NOTE
r-devel-windows-x86_64 0.0.1 3.00 30.00 33.00 NOTE
r-devel-windows-x86_64-gcc10-UCRT 0.0.1 NOTE
r-patched-linux-x86_64 0.0.1 1.77 19.64 21.41 NOTE
r-patched-solaris-x86 0.0.1 42.10 NOTE
r-release-linux-x86_64 0.0.1 1.60 19.56 21.16 NOTE
r-release-macos-arm64 0.0.1 NOTE
r-release-macos-x86_64 0.0.1 NOTE
r-release-windows-ix86+x86_64 0.0.1 4.00 36.00 40.00 NOTE
r-oldrel-macos-x86_64 0.0.1 OK
r-oldrel-windows-ix86+x86_64 0.0.1 4.00 0.00 4.00 OK

Check Details

Version: 0.0.1
Check: LazyData
Result: NOTE
     'LazyData' is specified without a 'data' directory
Flavors: r-devel-linux-x86_64-debian-clang, r-devel-linux-x86_64-debian-gcc, r-devel-linux-x86_64-fedora-clang, r-devel-linux-x86_64-fedora-gcc, r-devel-windows-x86_64, r-devel-windows-x86_64-gcc10-UCRT, r-patched-linux-x86_64, r-patched-solaris-x86, r-release-linux-x86_64, r-release-macos-arm64, r-release-macos-x86_64, r-release-windows-ix86+x86_64