CRAN Package Check Results for Package rchess

Last updated on 2021-06-24 10:52:36 CEST.

Flavor Version Tinstall Tcheck Ttotal Status Flags
r-devel-linux-x86_64-debian-clang 0.1 5.58 49.42 55.00 OK
r-devel-linux-x86_64-debian-gcc 0.1 4.55 37.62 42.17 OK
r-devel-linux-x86_64-fedora-clang 0.1 76.60 OK
r-devel-linux-x86_64-fedora-gcc 0.1 62.64 OK
r-devel-windows-x86_64 0.1 9.00 60.00 69.00 OK
r-devel-windows-x86_64-gcc10-UCRT 0.1 ERROR
r-patched-linux-x86_64 0.1 5.06 46.82 51.88 OK
r-patched-solaris-x86 0.1 95.40 OK
r-release-linux-x86_64 0.1 5.55 46.52 52.07 OK
r-release-macos-arm64 0.1 OK
r-release-macos-x86_64 0.1 OK
r-release-windows-ix86+x86_64 0.1 10.00 54.00 64.00 OK
r-oldrel-macos-x86_64 0.1 OK

Check Details

Version: 0.1
Check: package dependencies
Result: ERROR
    Package required but not available: 'V8'
    
    See section 'The DESCRIPTION file' in the 'Writing R Extensions'
    manual.
Flavor: r-devel-windows-x86_64-gcc10-UCRT