CRAN Package Check Results for Package rbridge

Last updated on 2021-06-19 23:49:31 CEST.

Flavor Version Tinstall Tcheck Ttotal Status Flags
r-devel-linux-x86_64-debian-clang 1.0.2 43.29 68.96 112.25 OK
r-devel-linux-x86_64-debian-gcc 1.0.2 31.40 53.18 84.58 OK
r-devel-linux-x86_64-fedora-clang 1.0.2 153.37 NOTE
r-devel-linux-x86_64-fedora-gcc 1.0.2 138.22 NOTE
r-devel-windows-x86_64 1.0.2 55.00 102.00 157.00 OK
r-devel-windows-x86_64-gcc10-UCRT 1.0.2 NOTE
r-patched-linux-x86_64 1.0.2 39.57 65.72 105.29 OK
r-patched-solaris-x86 1.0.2 171.30 NOTE
r-release-linux-x86_64 1.0.2 36.32 67.77 104.09 OK
r-release-macos-arm64 1.0.2 NOTE
r-release-macos-x86_64 1.0.2 NOTE
r-release-windows-ix86+x86_64 1.0.2 100.00 133.00 233.00 OK
r-oldrel-macos-x86_64 1.0.2 NOTE
r-oldrel-windows-ix86+x86_64 1.0.2 80.00 129.00 209.00 OK

Check Details

Version: 1.0.2
Check: dependencies in R code
Result: NOTE
    Namespace in Imports field not imported from: ‘dplyr’
     All declared Imports should be used.
Flavors: r-devel-linux-x86_64-fedora-clang, r-devel-linux-x86_64-fedora-gcc, r-devel-windows-x86_64-gcc10-UCRT, r-patched-solaris-x86, r-release-macos-arm64, r-release-macos-x86_64, r-oldrel-macos-x86_64