CRAN Package Check Results for Package ratematrix

Last updated on 2021-05-11 10:48:36 CEST.

Flavor Version Tinstall Tcheck Ttotal Status Flags
r-devel-linux-x86_64-debian-clang 1.2.3 72.79 163.20 235.99 OK
r-devel-linux-x86_64-debian-gcc 1.2.3 48.94 121.39 170.33 OK
r-devel-linux-x86_64-fedora-clang 1.2.3 301.19 NOTE
r-devel-linux-x86_64-fedora-gcc 1.2.3 280.99 OK
r-devel-windows-ix86+x86_64 1.2.3 143.00 250.00 393.00 OK
r-devel-windows-x86_64-gcc10-UCRT 1.2.3 OK
r-patched-linux-x86_64 1.2.3 57.61 156.40 214.01 OK
r-patched-solaris-x86 1.2.3 358.00 OK
r-release-linux-x86_64 1.2.3 59.69 236.20 295.89 OK
r-release-macos-x86_64 1.2.3 NOTE
r-release-windows-ix86+x86_64 1.2.3 106.00 190.00 296.00 OK
r-oldrel-macos-x86_64 1.2.3 NOTE
r-oldrel-windows-ix86+x86_64 1.2.3 126.00 241.00 367.00 OK

Check Details

Version: 1.2.3
Check: installed package size
Result: NOTE
     installed size is 5.9Mb
     sub-directories of 1Mb or more:
     libs 4.2Mb
Flavors: r-devel-linux-x86_64-fedora-clang, r-release-macos-x86_64, r-oldrel-macos-x86_64