CRAN Package Check Results for Package rappsflyer

Last updated on 2021-06-22 23:50:44 CEST.

Flavor Version Tinstall Tcheck Ttotal Status Flags
r-devel-linux-x86_64-debian-clang 0.2.0 5.21 51.04 56.25 NOTE
r-devel-linux-x86_64-debian-gcc 0.2.0 3.85 38.21 42.06 NOTE
r-devel-linux-x86_64-fedora-clang 0.2.0 72.48 NOTE
r-devel-linux-x86_64-fedora-gcc 0.2.0 63.56 NOTE
r-devel-windows-x86_64 0.2.0 8.00 60.00 68.00 NOTE
r-devel-windows-x86_64-gcc10-UCRT 0.2.0 ERROR
r-patched-linux-x86_64 0.2.0 3.92 46.55 50.47 NOTE
r-patched-solaris-x86 0.2.0 96.40 NOTE
r-release-linux-x86_64 0.2.0 4.03 46.67 50.70 NOTE
r-release-macos-arm64 0.2.0 NOTE
r-release-macos-x86_64 0.2.0 NOTE
r-release-windows-ix86+x86_64 0.2.0 10.00 52.00 62.00 NOTE
r-oldrel-macos-x86_64 0.2.0 OK

Check Details

Version: 0.2.0
Check: LazyData
Result: NOTE
     'LazyData' is specified without a 'data' directory
Flavors: r-devel-linux-x86_64-debian-clang, r-devel-linux-x86_64-debian-gcc, r-devel-linux-x86_64-fedora-clang, r-devel-linux-x86_64-fedora-gcc, r-devel-windows-x86_64, r-patched-linux-x86_64, r-patched-solaris-x86, r-release-linux-x86_64, r-release-macos-arm64, r-release-macos-x86_64, r-release-windows-ix86+x86_64

Version: 0.2.0
Check: package dependencies
Result: ERROR
    Package required but not available: 'httr'
    
    See section 'The DESCRIPTION file' in the 'Writing R Extensions'
    manual.
Flavor: r-devel-windows-x86_64-gcc10-UCRT