CRAN Package Check Results for Package rakeR

Last updated on 2021-06-15 10:50:00 CEST.

Flavor Version Tinstall Tcheck Ttotal Status Flags
r-devel-linux-x86_64-debian-clang 0.2.1 2.01 32.45 34.46 NOTE
r-devel-linux-x86_64-debian-gcc 0.2.1 1.66 25.11 26.77 NOTE
r-devel-linux-x86_64-fedora-clang 0.2.1 50.92 NOTE
r-devel-linux-x86_64-fedora-gcc 0.2.1 40.15 NOTE
r-devel-windows-x86_64 0.2.1 3.00 51.00 54.00 NOTE
r-devel-windows-x86_64-gcc10-UCRT 0.2.1 NOTE
r-patched-linux-x86_64 0.2.1 1.91 31.69 33.60 NOTE
r-patched-solaris-x86 0.2.1 64.10 NOTE
r-release-linux-x86_64 0.2.1 1.95 31.16 33.11 NOTE
r-release-macos-arm64 0.2.1 NOTE
r-release-macos-x86_64 0.2.1 NOTE
r-release-windows-ix86+x86_64 0.2.1 5.00 51.00 56.00 NOTE
r-oldrel-macos-x86_64 0.2.1 OK
r-oldrel-windows-ix86+x86_64 0.2.1 4.00 49.00 53.00 OK

Check Details

Version: 0.2.1
Check: LazyData
Result: NOTE
     'LazyData' is specified without a 'data' directory
Flavors: r-devel-linux-x86_64-debian-clang, r-devel-linux-x86_64-debian-gcc, r-devel-linux-x86_64-fedora-clang, r-devel-linux-x86_64-fedora-gcc, r-devel-windows-x86_64, r-devel-windows-x86_64-gcc10-UCRT, r-patched-linux-x86_64, r-patched-solaris-x86, r-release-linux-x86_64, r-release-macos-arm64, r-release-macos-x86_64, r-release-windows-ix86+x86_64