CRAN Package Check Results for Package rCRM

Last updated on 2021-06-19 10:52:14 CEST.

Flavor Version Tinstall Tcheck Ttotal Status Flags
r-devel-linux-x86_64-debian-clang 0.1.1 29.52 27.20 56.72 NOTE
r-devel-linux-x86_64-debian-gcc 0.1.1 17.54 21.74 39.28 NOTE
r-devel-linux-x86_64-fedora-clang 0.1.1 86.66 NOTE
r-devel-linux-x86_64-fedora-gcc 0.1.1 75.76 NOTE
r-devel-windows-x86_64 0.1.1 38.00 52.00 90.00 NOTE
r-devel-windows-x86_64-gcc10-UCRT 0.1.1 NOTE
r-patched-linux-x86_64 0.1.1 27.16 27.20 54.36 NOTE
r-patched-solaris-x86 0.1.1 80.80 NOTE
r-release-linux-x86_64 0.1.1 25.54 27.08 52.62 NOTE
r-release-macos-arm64 0.1.1 NOTE
r-release-macos-x86_64 0.1.1 NOTE
r-release-windows-ix86+x86_64 0.1.1 69.00 54.00 123.00 NOTE
r-oldrel-macos-x86_64 0.1.1 OK
r-oldrel-windows-ix86+x86_64 0.1.1 50.00 72.00 122.00 OK

Check Details

Version: 0.1.1
Check: LazyData
Result: NOTE
     'LazyData' is specified without a 'data' directory
Flavors: r-devel-linux-x86_64-debian-clang, r-devel-linux-x86_64-debian-gcc, r-devel-linux-x86_64-fedora-clang, r-devel-linux-x86_64-fedora-gcc, r-devel-windows-x86_64, r-devel-windows-x86_64-gcc10-UCRT, r-patched-linux-x86_64, r-patched-solaris-x86, r-release-linux-x86_64, r-release-macos-arm64, r-release-macos-x86_64, r-release-windows-ix86+x86_64