CRAN Package Check Results for Package rAmCharts

Last updated on 2021-06-13 23:49:17 CEST.

Flavor Version Tinstall Tcheck Ttotal Status Flags
r-devel-linux-x86_64-debian-clang 2.1.13 15.50 122.32 137.82 OK
r-devel-linux-x86_64-debian-gcc 2.1.13 13.08 88.19 101.27 OK
r-devel-linux-x86_64-fedora-clang 2.1.13 158.13 NOTE
r-devel-linux-x86_64-fedora-gcc 2.1.13 154.24 OK
r-devel-windows-x86_64 2.1.13 29.00 149.00 178.00 NOTE
r-devel-windows-x86_64-gcc10-UCRT 2.1.13 OK
r-patched-linux-x86_64 2.1.13 18.98 108.52 127.50 OK
r-patched-solaris-x86 2.1.13 181.60 NOTE
r-release-linux-x86_64 2.1.13 16.80 109.80 126.60 OK
r-release-macos-arm64 2.1.13 NOTE
r-release-macos-x86_64 2.1.13 NOTE
r-release-windows-ix86+x86_64 2.1.13 26.00 147.00 173.00 NOTE
r-oldrel-macos-x86_64 2.1.13 NOTE
r-oldrel-windows-ix86+x86_64 2.1.13 23.00 151.00 174.00 NOTE

Check Details

Version: 2.1.13
Check: installed package size
Result: NOTE
     installed size is 12.0Mb
     sub-directories of 1Mb or more:
     api 3.2Mb
     htmlwidgets 7.1Mb
Flavors: r-devel-linux-x86_64-fedora-clang, r-devel-windows-x86_64, r-patched-solaris-x86, r-release-macos-arm64, r-release-macos-x86_64, r-release-windows-ix86+x86_64, r-oldrel-macos-x86_64, r-oldrel-windows-ix86+x86_64