CRAN Package Check Results for Package rADA

Last updated on 2021-06-21 10:52:44 CEST.

Flavor Version Tinstall Tcheck Ttotal Status Flags
r-devel-linux-x86_64-debian-clang 1.1.9 4.39 49.66 54.05 OK
r-devel-linux-x86_64-debian-gcc 1.1.9 3.19 37.94 41.13 OK
r-devel-linux-x86_64-fedora-clang 1.1.9 73.16 NOTE
r-devel-linux-x86_64-fedora-gcc 1.1.9 62.39 NOTE
r-devel-windows-x86_64 1.1.9 7.00 63.00 70.00 NOTE
r-devel-windows-x86_64-gcc10-UCRT 1.1.9 ERROR
r-patched-linux-x86_64 1.1.9 3.86 47.18 51.04 OK
r-patched-solaris-x86 1.1.9 98.30 NOTE
r-release-linux-x86_64 1.1.9 4.62 47.54 52.16 OK
r-release-macos-arm64 1.1.9 NOTE
r-release-macos-x86_64 1.1.9 NOTE
r-release-windows-ix86+x86_64 1.1.9 9.00 72.00 81.00 NOTE
r-oldrel-macos-x86_64 1.1.9 NOTE

Check Details

Version: 1.1.9
Check: installed package size
Result: NOTE
     installed size is 5.7Mb
     sub-directories of 1Mb or more:
     doc 5.5Mb
Flavors: r-devel-linux-x86_64-fedora-clang, r-devel-windows-x86_64, r-patched-solaris-x86, r-release-macos-arm64, r-release-macos-x86_64, r-release-windows-ix86+x86_64, r-oldrel-macos-x86_64

Version: 1.1.9
Check: dependencies in R code
Result: NOTE
    Namespaces in Imports field not imported from:
     ‘Hmisc’ ‘car’ ‘dplyr’ ‘grid’ ‘gridExtra’ ‘knitr’ ‘lmerTest’ ‘tidyr’
     All declared Imports should be used.
Flavors: r-devel-linux-x86_64-fedora-clang, r-devel-linux-x86_64-fedora-gcc, r-patched-solaris-x86, r-release-macos-arm64, r-release-macos-x86_64, r-oldrel-macos-x86_64

Version: 1.1.9
Check: package dependencies
Result: ERROR
    Package required but not available: 'car'
    
    See section 'The DESCRIPTION file' in the 'Writing R Extensions'
    manual.
Flavor: r-devel-windows-x86_64-gcc10-UCRT