CRAN Package Check Results for Package r3dmol

Last updated on 2021-06-22 23:50:43 CEST.

Flavor Version Tinstall Tcheck Ttotal Status Flags
r-devel-linux-x86_64-debian-clang 0.1.2 6.02 63.63 69.65 OK
r-devel-linux-x86_64-debian-gcc 0.1.2 4.45 50.95 55.40 OK
r-devel-linux-x86_64-fedora-clang 0.1.2 99.18 NOTE
r-devel-linux-x86_64-fedora-gcc 0.1.2 87.94 OK
r-devel-windows-x86_64 0.1.2 10.00 83.00 93.00 NOTE
r-devel-windows-x86_64-gcc10-UCRT 0.1.2 NOTE
r-patched-linux-x86_64 0.1.2 6.20 62.13 68.33 OK
r-patched-solaris-x86 0.1.2 105.00 WARN
r-release-linux-x86_64 0.1.2 4.97 62.73 67.70 OK
r-release-macos-arm64 0.1.2 WARN
r-release-macos-x86_64 0.1.2 WARN
r-release-windows-ix86+x86_64 0.1.2 12.00 74.00 86.00 NOTE
r-oldrel-macos-x86_64 0.1.2 WARN

Check Details

Version: 0.1.2
Check: installed package size
Result: NOTE
     installed size is 11.6Mb
     sub-directories of 1Mb or more:
     doc 9.9Mb
Flavors: r-devel-linux-x86_64-fedora-clang, r-devel-windows-x86_64, r-patched-solaris-x86, r-release-macos-arm64, r-release-macos-x86_64, r-release-windows-ix86+x86_64, r-oldrel-macos-x86_64

Version: 0.1.2
Check: package dependencies
Result: NOTE
    Package suggested but not available for checking: 'covr'
Flavor: r-devel-windows-x86_64-gcc10-UCRT

Version: 0.1.2
Check: re-building of vignette outputs
Result: WARN
    Error(s) in re-building vignettes:
     ...
    --- re-building ‘r3dmol.Rmd’ using rmarkdown
    Warning in engine$weave(file, quiet = quiet, encoding = enc) :
     Pandoc (>= 1.12.3) not available. Falling back to R Markdown v1.
    Quitting from lines 34-66 (r3dmol.Rmd)
    Error: processing vignette 'r3dmol.Rmd' failed with diagnostics:
    there is no package called 'webshot'
    --- failed re-building ‘r3dmol.Rmd’
    
    --- re-building ‘style-functions.Rmd’ using rmarkdown
    Warning in engine$weave(file, quiet = quiet, encoding = enc) :
     Pandoc (>= 1.12.3) not available. Falling back to R Markdown v1.
    Quitting from lines 43-49 (style-functions.Rmd)
    Error: processing vignette 'style-functions.Rmd' failed with diagnostics:
    there is no package called 'webshot'
    --- failed re-building ‘style-functions.Rmd’
    
    SUMMARY: processing the following files failed:
     ‘r3dmol.Rmd’ ‘style-functions.Rmd’
    
    Error: Vignette re-building failed.
    Execution halted
Flavor: r-patched-solaris-x86

Version: 0.1.2
Check: re-building of vignette outputs
Result: WARN
    Error(s) in re-building vignettes:
     ...
    --- re-building ‘r3dmol.Rmd’ using rmarkdown
    Warning in engine$weave(file, quiet = quiet, encoding = enc) :
     Pandoc (>= 1.12.3) not available. Falling back to R Markdown v1.
    Quitting from lines 34-66 (r3dmol.Rmd)
    Error: processing vignette 'r3dmol.Rmd' failed with diagnostics:
    invalid 'path' argument
    --- failed re-building ‘r3dmol.Rmd’
    
    --- re-building ‘style-functions.Rmd’ using rmarkdown
    Warning in engine$weave(file, quiet = quiet, encoding = enc) :
     Pandoc (>= 1.12.3) not available. Falling back to R Markdown v1.
    Quitting from lines 43-49 (style-functions.Rmd)
    Error: processing vignette 'style-functions.Rmd' failed with diagnostics:
    invalid 'path' argument
    --- failed re-building ‘style-functions.Rmd’
    
    SUMMARY: processing the following files failed:
     ‘r3dmol.Rmd’ ‘style-functions.Rmd’
    
    Error: Vignette re-building failed.
    Execution halted
Flavors: r-release-macos-arm64, r-release-macos-x86_64

Version: 0.1.2
Check: re-building of vignette outputs
Result: WARN
    Error(s) in re-building vignettes:
     ...
    --- re-building ‘r3dmol.Rmd’ using rmarkdown
    Warning in engine$weave(file, quiet = quiet, encoding = enc) :
     Pandoc (>= 1.12.3) and/or pandoc-citeproc not available. Falling back to R Markdown v1.
    Quitting from lines 34-66 (r3dmol.Rmd)
    Error: processing vignette 'r3dmol.Rmd' failed with diagnostics:
    invalid 'path' argument
    --- failed re-building ‘r3dmol.Rmd’
    
    --- re-building ‘style-functions.Rmd’ using rmarkdown
    Warning in engine$weave(file, quiet = quiet, encoding = enc) :
     Pandoc (>= 1.12.3) and/or pandoc-citeproc not available. Falling back to R Markdown v1.
    Quitting from lines 43-49 (style-functions.Rmd)
    Error: processing vignette 'style-functions.Rmd' failed with diagnostics:
    invalid 'path' argument
    --- failed re-building ‘style-functions.Rmd’
    
    SUMMARY: processing the following files failed:
     ‘r3dmol.Rmd’ ‘style-functions.Rmd’
    
    Error: Vignette re-building failed.
    Execution halted
Flavor: r-oldrel-macos-x86_64