CRAN Package Check Results for Package quRan

Last updated on 2021-06-19 10:52:12 CEST.

Flavor Version Tinstall Tcheck Ttotal Status Flags
r-devel-linux-x86_64-debian-clang 0.1.0 3.06 25.64 28.70 OK
r-devel-linux-x86_64-debian-gcc 0.1.0 2.70 20.21 22.91 OK
r-devel-linux-x86_64-fedora-clang 0.1.0 43.19 NOTE
r-devel-linux-x86_64-fedora-gcc 0.1.0 35.36 NOTE
r-devel-windows-x86_64 0.1.0 6.00 42.00 48.00 OK
r-devel-windows-x86_64-gcc10-UCRT 0.1.0 NOTE
r-patched-linux-x86_64 0.1.0 3.03 24.37 27.40 OK
r-patched-solaris-x86 0.1.0 52.90 NOTE
r-release-linux-x86_64 0.1.0 2.64 24.53 27.17 OK
r-release-macos-arm64 0.1.0 NOTE
r-release-macos-x86_64 0.1.0 NOTE
r-release-windows-ix86+x86_64 0.1.0 6.00 47.00 53.00 OK
r-oldrel-macos-x86_64 0.1.0 NOTE
r-oldrel-windows-ix86+x86_64 0.1.0 6.00 41.00 47.00 OK

Check Details

Version: 0.1.0
Check: data for non-ASCII characters
Result: NOTE
     Note: found 12928 marked UTF-8 strings
Flavors: r-devel-linux-x86_64-fedora-clang, r-devel-linux-x86_64-fedora-gcc, r-devel-windows-x86_64-gcc10-UCRT, r-patched-solaris-x86, r-release-macos-arm64, r-release-macos-x86_64, r-oldrel-macos-x86_64