CRAN Package Check Results for Package predkmeans

Last updated on 2021-06-15 10:49:59 CEST.

Flavor Version Tinstall Tcheck Ttotal Status Flags
r-devel-linux-x86_64-debian-clang 0.1.1 35.31 41.57 76.88 NOTE
r-devel-linux-x86_64-debian-gcc 0.1.1 21.81 31.80 53.61 NOTE
r-devel-linux-x86_64-fedora-clang 0.1.1 108.47 NOTE
r-devel-linux-x86_64-fedora-gcc 0.1.1 90.94 NOTE
r-devel-windows-x86_64 0.1.1 43.00 71.00 114.00 NOTE
r-devel-windows-x86_64-gcc10-UCRT 0.1.1 NOTE
r-patched-linux-x86_64 0.1.1 31.93 40.32 72.25 NOTE
r-patched-solaris-x86 0.1.1 110.00 NOTE
r-release-linux-x86_64 0.1.1 26.66 39.72 66.38 NOTE
r-release-macos-arm64 0.1.1 NOTE
r-release-macos-x86_64 0.1.1 NOTE
r-release-windows-ix86+x86_64 0.1.1 81.00 94.00 175.00 NOTE
r-oldrel-macos-x86_64 0.1.1 OK
r-oldrel-windows-ix86+x86_64 0.1.1 56.00 96.00 152.00 OK

Check Details

Version: 0.1.1
Check: LazyData
Result: NOTE
     'LazyData' is specified without a 'data' directory
Flavors: r-devel-linux-x86_64-debian-clang, r-devel-linux-x86_64-debian-gcc, r-devel-linux-x86_64-fedora-clang, r-devel-linux-x86_64-fedora-gcc, r-devel-windows-x86_64, r-devel-windows-x86_64-gcc10-UCRT, r-patched-linux-x86_64, r-patched-solaris-x86, r-release-linux-x86_64, r-release-macos-arm64, r-release-macos-x86_64, r-release-windows-ix86+x86_64