CRAN Package Check Results for Package precrec

Last updated on 2021-06-16 10:52:29 CEST.

Flavor Version Tinstall Tcheck Ttotal Status Flags
r-devel-linux-x86_64-debian-clang 0.12.7 52.74 167.20 219.94 OK
r-devel-linux-x86_64-debian-gcc 0.12.7 37.31 122.79 160.10 OK
r-devel-linux-x86_64-fedora-clang 0.12.7 271.08 OK
r-devel-linux-x86_64-fedora-gcc 0.12.7 255.86 OK
r-devel-windows-x86_64 0.12.7 63.00 202.00 265.00 OK
r-devel-windows-x86_64-gcc10-UCRT 0.12.7 OK
r-patched-linux-x86_64 0.12.7 42.64 155.29 197.93 OK
r-patched-solaris-x86 0.12.7 316.50 OK
r-release-linux-x86_64 0.12.7 41.44 154.94 196.38 OK
r-release-macos-arm64 0.12.7 NOTE
r-release-macos-x86_64 0.12.7 OK
r-release-windows-ix86+x86_64 0.12.7 114.00 263.00 377.00 OK
r-oldrel-macos-x86_64 0.12.7 OK
r-oldrel-windows-ix86+x86_64 0.12.7 117.00 278.00 395.00 OK

Check Details

Version: 0.12.7
Check: installed package size
Result: NOTE
     installed size is 5.2Mb
     sub-directories of 1Mb or more:
     libs 3.4Mb
Flavor: r-release-macos-arm64