CRAN Package Check Results for Package pmc

Last updated on 2021-05-06 10:50:03 CEST.

Flavor Version Tinstall Tcheck Ttotal Status Flags
r-devel-linux-x86_64-debian-clang 1.0.4 12.94 230.24 243.18 OK --no-vignettes
r-devel-linux-x86_64-debian-gcc 1.0.4 8.25 169.24 177.49 OK --no-vignettes
r-devel-linux-x86_64-fedora-clang 1.0.4 301.35 OK
r-devel-linux-x86_64-fedora-gcc 1.0.4 326.99 OK
r-devel-windows-ix86+x86_64 1.0.4 29.00 12.00 41.00 ERROR --no-vignettes
r-devel-windows-x86_64-gcc10-UCRT 1.0.4 OK
r-patched-linux-x86_64 1.0.4 11.80 209.56 221.36 OK --no-vignettes
r-patched-solaris-x86 1.0.4 384.90 OK
r-release-linux-x86_64 1.0.4 12.60 218.53 231.13 OK --no-vignettes
r-release-macos-x86_64 1.0.4 OK
r-release-windows-ix86+x86_64 1.0.4 20.00 193.00 213.00 OK --no-vignettes
r-oldrel-macos-x86_64 1.0.4 OK
r-oldrel-windows-ix86+x86_64 1.0.4 24.00 229.00 253.00 OK --no-vignettes

Check Details

Version: 1.0.4
Flags: --no-vignettes
Check: whether package can be installed
Result: ERROR
    Installation failed.
Flavor: r-devel-windows-ix86+x86_64