CRAN Package Check Results for Package pipefittr

Last updated on 2021-06-17 23:49:33 CEST.

Flavor Version Tinstall Tcheck Ttotal Status Flags
r-devel-linux-x86_64-debian-clang 0.1.2 3.68 35.03 38.71 NOTE
r-devel-linux-x86_64-debian-gcc 0.1.2 2.94 27.58 30.52 NOTE
r-devel-linux-x86_64-fedora-clang 0.1.2 55.41 NOTE
r-devel-linux-x86_64-fedora-gcc 0.1.2 44.28 NOTE
r-devel-windows-x86_64 0.1.2 7.00 43.00 50.00 NOTE
r-devel-windows-x86_64-gcc10-UCRT 0.1.2 NOTE
r-patched-linux-x86_64 0.1.2 3.21 33.82 37.03 NOTE
r-patched-solaris-x86 0.1.2 73.80 NOTE
r-release-linux-x86_64 0.1.2 2.82 33.62 36.44 NOTE
r-release-macos-arm64 0.1.2 NOTE
r-release-macos-x86_64 0.1.2 NOTE
r-release-windows-ix86+x86_64 0.1.2 8.00 54.00 62.00 NOTE
r-oldrel-macos-x86_64 0.1.2 OK
r-oldrel-windows-ix86+x86_64 0.1.2 8.00 56.00 64.00 OK

Check Details

Version: 0.1.2
Check: LazyData
Result: NOTE
     'LazyData' is specified without a 'data' directory
Flavors: r-devel-linux-x86_64-debian-clang, r-devel-linux-x86_64-debian-gcc, r-devel-linux-x86_64-fedora-clang, r-devel-linux-x86_64-fedora-gcc, r-devel-windows-x86_64, r-devel-windows-x86_64-gcc10-UCRT, r-patched-linux-x86_64, r-patched-solaris-x86, r-release-linux-x86_64, r-release-macos-arm64, r-release-macos-x86_64, r-release-windows-ix86+x86_64