CRAN Package Check Results for Package pencal

Last updated on 2021-06-16 10:52:28 CEST.

Flavor Version Tinstall Tcheck Ttotal Status Flags
r-devel-linux-x86_64-debian-clang 0.4.2 14.30 130.19 144.49 OK
r-devel-linux-x86_64-debian-gcc 0.4.2 10.69 95.63 106.32 OK
r-devel-linux-x86_64-fedora-clang 0.4.2 177.53 OK
r-devel-linux-x86_64-fedora-gcc 0.4.2 164.23 OK
r-devel-windows-x86_64 0.4.2 19.00 255.00 274.00 OK
r-devel-windows-x86_64-gcc10-UCRT 0.4.2 OK
r-patched-linux-x86_64 0.4.2 18.14 122.24 140.38 OK
r-patched-solaris-x86 0.4.2 533.90 OK
r-release-linux-x86_64 0.4.2 11.78 119.87 131.65 OK
r-release-macos-arm64 0.4.2 ERROR
r-release-macos-x86_64 0.4.2 ERROR
r-release-windows-ix86+x86_64 0.4.2 18.00 253.00 271.00 OK
r-oldrel-macos-x86_64 0.4.2 ERROR
r-oldrel-windows-ix86+x86_64 0.4.2 32.00 256.00 288.00 OK

Check Details

Version: 0.4.2
Check: package dependencies
Result: ERROR
    Package required but not available: ‘survcomp’
    
    Package suggested but not available for checking: ‘ptmixed’
    
    See section ‘The DESCRIPTION file’ in the ‘Writing R Extensions’
    manual.
Flavor: r-release-macos-arm64

Version: 0.4.2
Check: package dependencies
Result: NOTE
    Package suggested but not available for checking: ‘ptmixed’
Flavors: r-release-macos-x86_64, r-oldrel-macos-x86_64

Version: 0.4.2
Check: examples
Result: ERROR
    Running examples in ‘pencal-Ex.R’ failed
    The error most likely occurred in:
    
    > ### Name: simulate_prclmm_data
    > ### Title: Simulate data that can be used to fit the PRC-LMM model
    > ### Aliases: simulate_prclmm_data
    >
    > ### ** Examples
    >
    > # generate example data
    > simdata = simulate_prclmm_data(n = 20, p = 10,
    + p.relev = 4, seed = 1)
    > # view the longitudinal markers:
    > library(ptmixed)
    Error in library(ptmixed) : there is no package called ‘ptmixed’
    Execution halted
Flavors: r-release-macos-x86_64, r-oldrel-macos-x86_64

Version: 0.4.2
Check: re-building of vignette outputs
Result: WARN
    Error(s) in re-building vignettes:
     ...
    --- re-building ‘pencal-vignette.Rmd’ using rmarkdown
    Warning in engine$weave(file, quiet = quiet, encoding = enc) :
     Pandoc (>= 1.12.3) not available. Falling back to R Markdown v1.
    Quitting from lines 135-144 (pencal-vignette.Rmd)
    Error: processing vignette 'pencal-vignette.Rmd' failed with diagnostics:
    there is no package called 'ptmixed'
    --- failed re-building ‘pencal-vignette.Rmd’
    
    SUMMARY: processing the following file failed:
     ‘pencal-vignette.Rmd’
    
    Error: Vignette re-building failed.
    Execution halted
Flavors: r-release-macos-x86_64, r-oldrel-macos-x86_64