CRAN Package Check Results for Package pcFactorStan

Last updated on 2021-06-12 23:49:15 CEST.

Flavor Version Tinstall Tcheck Ttotal Status Flags
r-devel-linux-x86_64-debian-clang 1.5.2 1083.18 238.44 1321.62 NOTE
r-devel-linux-x86_64-debian-gcc 1.5.2 907.14 223.12 1130.26 NOTE
r-devel-linux-x86_64-fedora-clang 1.5.2 1842.18 NOTE
r-devel-linux-x86_64-fedora-gcc 1.5.2 1989.87 NOTE
r-devel-windows-x86_64 1.5.2 1188.00 380.00 1568.00 NOTE
r-devel-windows-x86_64-gcc10-UCRT 1.5.2 NOTE
r-patched-linux-x86_64 1.5.2 1005.71 282.15 1287.86 NOTE
r-patched-solaris-x86 1.5.2 1711.30 NOTE
r-release-linux-x86_64 1.5.2 1017.11 287.65 1304.76 NOTE
r-release-macos-arm64 1.5.2 NOTE
r-release-macos-x86_64 1.5.2 NOTE
r-release-windows-ix86+x86_64 1.5.2 2191.00 645.00 2836.00 NOTE
r-oldrel-macos-x86_64 1.5.2 NOTE
r-oldrel-windows-ix86+x86_64 1.5.2 2282.00 652.00 2934.00 NOTE

Check Details

Version: 1.5.2
Check: for GNU extensions in Makefiles
Result: NOTE
    GNU make is a SystemRequirements.
Flavors: r-devel-linux-x86_64-debian-clang, r-devel-linux-x86_64-debian-gcc, r-devel-linux-x86_64-fedora-clang, r-devel-linux-x86_64-fedora-gcc, r-devel-windows-x86_64, r-devel-windows-x86_64-gcc10-UCRT, r-patched-linux-x86_64, r-patched-solaris-x86, r-release-linux-x86_64, r-release-macos-arm64, r-release-macos-x86_64, r-release-windows-ix86+x86_64, r-oldrel-macos-x86_64, r-oldrel-windows-ix86+x86_64

Version: 1.5.2
Check: installed package size
Result: NOTE
     installed size is 134.6Mb
     sub-directories of 1Mb or more:
     doc 2.9Mb
     libs 131.1Mb
Flavors: r-devel-linux-x86_64-fedora-clang, r-devel-windows-x86_64, r-patched-solaris-x86, r-release-macos-arm64, r-release-macos-x86_64, r-release-windows-ix86+x86_64, r-oldrel-macos-x86_64, r-oldrel-windows-ix86+x86_64

Version: 1.5.2
Check: line endings in C/C++/Fortran sources/headers
Result: NOTE
    Found the following sources/headers with CR or CRLF line endings:
     src/stan_files/correlation.hpp
     src/stan_files/correlation_ll.hpp
     src/stan_files/factor.hpp
     src/stan_files/factor1.hpp
     src/stan_files/factor1_ll.hpp
     src/stan_files/factor_ll.hpp
     src/stan_files/unidim.hpp
     src/stan_files/unidim_adapt.hpp
     src/stan_files/unidim_ll.hpp
    Some Unix compilers require LF line endings.
Flavor: r-devel-windows-x86_64-gcc10-UCRT