CRAN Package Check Results for Package outsider.base

Last updated on 2021-06-13 23:49:14 CEST.

Flavor Version Tinstall Tcheck Ttotal Status Flags
r-devel-linux-x86_64-debian-clang 0.1.4 3.41 31.99 35.40 OK
r-devel-linux-x86_64-debian-gcc 0.1.4 2.63 24.94 27.57 OK
r-devel-linux-x86_64-fedora-clang 0.1.4 52.06 OK
r-devel-linux-x86_64-fedora-gcc 0.1.4 62.68 OK
r-devel-windows-x86_64 0.1.4 7.00 51.00 58.00 OK
r-devel-windows-x86_64-gcc10-UCRT 0.1.4 OK
r-patched-linux-x86_64 0.1.4 3.40 31.10 34.50 OK
r-patched-solaris-x86 0.1.4 63.20 NOTE
r-release-linux-x86_64 0.1.4 3.08 31.06 34.14 OK
r-release-macos-arm64 0.1.4 OK
r-release-macos-x86_64 0.1.4 OK
r-release-windows-ix86+x86_64 0.1.4 9.00 48.00 57.00 OK
r-oldrel-macos-x86_64 0.1.4 OK
r-oldrel-windows-ix86+x86_64 0.1.4 8.00 50.00 58.00 OK

Check Details

Version: 0.1.4
Check: package dependencies
Result: NOTE
    Package suggested but not available for checking: ‘ssh’
Flavor: r-patched-solaris-x86