CRAN Package Check Results for Package osmdata

Last updated on 2021-06-12 23:49:14 CEST.

Flavor Version Tinstall Tcheck Ttotal Status Flags
r-devel-linux-x86_64-debian-clang 0.1.5 86.84 83.39 170.23 NOTE
r-devel-linux-x86_64-debian-gcc 0.1.5 60.91 63.65 124.56 NOTE
r-devel-linux-x86_64-fedora-clang 0.1.5 233.35 NOTE
r-devel-linux-x86_64-fedora-gcc 0.1.5 217.05 NOTE
r-devel-windows-x86_64 0.1.5 100.00 138.00 238.00 NOTE
r-devel-windows-x86_64-gcc10-UCRT 0.1.5 ERROR
r-patched-linux-x86_64 0.1.5 74.02 79.69 153.71 NOTE
r-patched-solaris-x86 0.1.5 219.40 NOTE
r-release-linux-x86_64 0.1.5 73.69 79.17 152.86 NOTE
r-release-macos-arm64 0.1.5 ERROR
r-release-macos-x86_64 0.1.5 NOTE
r-release-windows-ix86+x86_64 0.1.5 165.00 161.00 326.00 NOTE
r-oldrel-macos-x86_64 0.1.5 NOTE
r-oldrel-windows-ix86+x86_64 0.1.5 168.00 164.00 332.00 NOTE

Check Details

Version: 0.1.5
Check: LazyData
Result: NOTE
     'LazyData' is specified without a 'data' directory
Flavors: r-devel-linux-x86_64-debian-clang, r-devel-linux-x86_64-debian-gcc, r-devel-linux-x86_64-fedora-clang, r-devel-linux-x86_64-fedora-gcc, r-devel-windows-x86_64, r-devel-windows-x86_64-gcc10-UCRT, r-patched-linux-x86_64, r-patched-solaris-x86, r-release-linux-x86_64, r-release-macos-arm64, r-release-macos-x86_64, r-release-windows-ix86+x86_64

Version: 0.1.5
Check: installed package size
Result: NOTE
     installed size is 11.2Mb
     sub-directories of 1Mb or more:
     doc 4.3Mb
     libs 5.9Mb
Flavors: r-devel-linux-x86_64-fedora-clang, r-devel-windows-x86_64, r-patched-solaris-x86, r-release-macos-arm64, r-release-macos-x86_64, r-release-windows-ix86+x86_64, r-oldrel-macos-x86_64, r-oldrel-windows-ix86+x86_64

Version: 0.1.5
Check: package dependencies
Result: NOTE
    Package suggested but not available for checking: 'sf'
Flavors: r-devel-windows-x86_64-gcc10-UCRT, r-release-macos-arm64

Version: 0.1.5
Check: tests
Result: ERROR
     Running 'stub.R'
     Running 'testthat.R'
    Running the tests in 'tests/testthat.R' failed.
    Last 13 lines of output:
     12. | \-osmdata:::bb_poly_to_sf(bb_poly)
     13. | \-`%>%`(...)
     14. \-base::loadNamespace(x)
     15. \-base::withRestarts(stop(cond), retry_loadNamespace = function() NULL)
     16. \-base:::withOneRestart(expr, restarts[[1L]])
     17. \-base:::doWithOneRestart(return(expr), restart)
     -- Error (test-trim.R:65:16): bb_poly as sf/sc ---------------------------------
     Error: could not find function "st_sf"
     Backtrace:
     x
     1. \-sf::st_polygon(list(bb)) %>% st_sfc() %>% st_sf() test-trim.R:65:15
    
     [ FAIL 10 | WARN 2 | SKIP 0 | PASS 128 ]
     Error: Test failures
     Execution halted
Flavor: r-devel-windows-x86_64-gcc10-UCRT

Version: 0.1.5
Check: tests
Result: ERROR
     Running ‘stub.R’ [0s/0s]
     Running ‘testthat.R’ [3s/8s]
    Running the tests in ‘tests/testthat.R’ failed.
    Last 13 lines of output:
     12. │ └─osmdata:::bb_poly_to_sf(bb_poly)
     13. │ └─`%>%`(...)
     14. └─base::loadNamespace(x)
     15. └─base::withRestarts(stop(cond), retry_loadNamespace = function() NULL)
     16. └─base:::withOneRestart(expr, restarts[[1L]])
     17. └─base:::doWithOneRestart(return(expr), restart)
     ── Error (test-trim.R:65:16): bb_poly as sf/sc ─────────────────────────────────
     Error: could not find function "st_sf"
     Backtrace:
     █
     1. └─sf::st_polygon(list(bb)) %>% st_sfc() %>% st_sf() test-trim.R:65:15
    
     [ FAIL 10 | WARN 2 | SKIP 0 | PASS 128 ]
     Error: Test failures
     Execution halted
Flavor: r-release-macos-arm64