CRAN Package Check Results for Package origami

Last updated on 2021-06-12 23:49:14 CEST.

Flavor Version Tinstall Tcheck Ttotal Status Flags
r-devel-linux-x86_64-debian-clang 1.0.3 3.71 81.46 85.17 NOTE
r-devel-linux-x86_64-debian-gcc 1.0.3 2.35 58.09 60.44 NOTE
r-devel-linux-x86_64-fedora-clang 1.0.3 108.45 NOTE
r-devel-linux-x86_64-fedora-gcc 1.0.3 98.45 NOTE
r-devel-windows-x86_64 1.0.3 7.00 105.00 112.00 NOTE
r-devel-windows-x86_64-gcc10-UCRT 1.0.3 NOTE
r-patched-linux-x86_64 1.0.3 3.63 79.08 82.71 NOTE
r-patched-solaris-x86 1.0.3 140.00 NOTE
r-release-linux-x86_64 1.0.3 3.01 78.39 81.40 NOTE
r-release-macos-arm64 1.0.3 NOTE
r-release-macos-x86_64 1.0.3 NOTE
r-release-windows-ix86+x86_64 1.0.3 6.00 106.00 112.00 NOTE
r-oldrel-macos-x86_64 1.0.3 OK
r-oldrel-windows-ix86+x86_64 1.0.3 6.00 102.00 108.00 OK

Check Details

Version: 1.0.3
Check: LazyData
Result: NOTE
     'LazyData' is specified without a 'data' directory
Flavors: r-devel-linux-x86_64-debian-clang, r-devel-linux-x86_64-debian-gcc, r-devel-linux-x86_64-fedora-clang, r-devel-linux-x86_64-fedora-gcc, r-devel-windows-x86_64, r-devel-windows-x86_64-gcc10-UCRT, r-patched-linux-x86_64, r-patched-solaris-x86, r-release-linux-x86_64, r-release-macos-arm64, r-release-macos-x86_64, r-release-windows-ix86+x86_64

Version: 1.0.3
Check: Rd cross-references
Result: NOTE
    Undeclared package ‘glmnet’ in Rd xrefs
Flavor: r-devel-linux-x86_64-fedora-clang