CRAN Package Check Results for Package ordinalForest

Last updated on 2021-06-19 10:52:09 CEST.

Flavor Version Tinstall Tcheck Ttotal Status Flags
r-devel-linux-x86_64-debian-clang 2.4-1 91.90 45.91 137.81 OK
r-devel-linux-x86_64-debian-gcc 2.4-1 58.10 34.42 92.52 OK
r-devel-linux-x86_64-fedora-clang 2.4-1 207.17 NOTE
r-devel-linux-x86_64-fedora-gcc 2.4-1 167.43 OK
r-devel-windows-x86_64 2.4-1 106.00 68.00 174.00 OK
r-devel-windows-x86_64-gcc10-UCRT 2.4-1 OK
r-patched-linux-x86_64 2.4-1 70.36 43.48 113.84 OK
r-patched-solaris-x86 2.4-1 282.20 OK
r-release-linux-x86_64 2.4-1 68.85 43.81 112.66 OK
r-release-macos-arm64 2.4-1 NOTE
r-release-macos-x86_64 2.4-1 NOTE
r-release-windows-ix86+x86_64 2.4-1 203.00 98.00 301.00 OK
r-oldrel-macos-x86_64 2.4-1 NOTE
r-oldrel-windows-ix86+x86_64 2.4-1 147.00 101.00 248.00 OK

Check Details

Version: 2.4-1
Check: installed package size
Result: NOTE
     installed size is 5.3Mb
     sub-directories of 1Mb or more:
     libs 5.1Mb
Flavors: r-devel-linux-x86_64-fedora-clang, r-release-macos-arm64, r-release-macos-x86_64, r-oldrel-macos-x86_64