CRAN Package Check Results for Package optparse

Last updated on 2021-06-13 23:49:14 CEST.

Flavor Version Tinstall Tcheck Ttotal Status Flags
r-devel-linux-x86_64-debian-clang 1.6.6 2.40 32.38 34.78 OK
r-devel-linux-x86_64-debian-gcc 1.6.6 1.71 26.05 27.76 OK
r-devel-linux-x86_64-fedora-clang 1.6.6 51.05 OK
r-devel-linux-x86_64-fedora-gcc 1.6.6 41.34 OK
r-devel-windows-x86_64 1.6.6 5.00 33.00 38.00 OK --no-vignettes
r-devel-windows-x86_64-gcc10-UCRT 1.6.6 OK
r-patched-linux-x86_64 1.6.6 2.41 31.62 34.03 OK
r-patched-solaris-x86 1.6.6 55.30 OK --no-vignettes
r-release-linux-x86_64 1.6.6 2.24 31.54 33.78 OK
r-release-macos-arm64 1.6.6 WARN
r-release-macos-x86_64 1.6.6 WARN
r-release-windows-ix86+x86_64 1.6.6 5.00 50.00 55.00 OK --no-vignettes
r-oldrel-macos-x86_64 1.6.6 WARN
r-oldrel-windows-ix86+x86_64 1.6.6 4.00 44.00 48.00 OK --no-vignettes

Check Details

Version: 1.6.6
Check: re-building of vignette outputs
Result: WARN
    Error(s) in re-building vignettes:
     ...
    --- re-building ‘optparse.Rrst’ using knitr
    sh: +RTS: command not found
    Warning in system(command) : error in running command
    Error: processing vignette 'optparse.Rrst' failed with diagnostics:
    pandoc document conversion failed with error 127
    --- failed re-building ‘optparse.Rrst’
    
    SUMMARY: processing the following file failed:
     ‘optparse.Rrst’
    
    Error: Vignette re-building failed.
    Execution halted
Flavors: r-release-macos-arm64, r-release-macos-x86_64, r-oldrel-macos-x86_64