CRAN Package Check Results for Package openCR

Last updated on 2021-06-16 10:52:27 CEST.

Flavor Version Tinstall Tcheck Ttotal Status Flags
r-devel-linux-x86_64-debian-clang 2.0.2 119.44 228.07 347.51 NOTE
r-devel-linux-x86_64-debian-gcc 2.0.2 76.51 177.29 253.80 NOTE
r-devel-linux-x86_64-fedora-clang 2.0.2 454.87 NOTE
r-devel-linux-x86_64-fedora-gcc 2.0.2 416.19 NOTE
r-devel-windows-x86_64 2.0.2 158.00 271.00 429.00 NOTE
r-devel-windows-x86_64-gcc10-UCRT 2.0.2 NOTE
r-patched-linux-x86_64 2.0.2 93.63 224.91 318.54 NOTE
r-patched-solaris-x86 2.0.2 501.70 NOTE
r-release-linux-x86_64 2.0.2 93.51 222.63 316.14 NOTE
r-release-macos-arm64 2.0.1 NOTE
r-release-macos-x86_64 2.0.2 NOTE
r-release-windows-ix86+x86_64 2.0.2 272.00 349.00 621.00 NOTE
r-oldrel-macos-x86_64 2.0.2 NOTE
r-oldrel-windows-ix86+x86_64 2.0.2 204.00 347.00 551.00 NOTE

Check Details

Version: 2.0.2
Check: for GNU extensions in Makefiles
Result: NOTE
    GNU make is a SystemRequirements.
Flavors: r-devel-linux-x86_64-debian-clang, r-devel-linux-x86_64-debian-gcc, r-devel-linux-x86_64-fedora-clang, r-devel-linux-x86_64-fedora-gcc, r-devel-windows-x86_64, r-devel-windows-x86_64-gcc10-UCRT, r-patched-linux-x86_64, r-patched-solaris-x86, r-release-linux-x86_64, r-release-macos-x86_64, r-release-windows-ix86+x86_64, r-oldrel-macos-x86_64, r-oldrel-windows-ix86+x86_64

Version: 2.0.2
Check: package dependencies
Result: NOTE
    Packages suggested but not available for checking: 'RMark', 'R2ucare'
Flavor: r-patched-solaris-x86

Version: 2.0.1
Check: package dependencies
Result: NOTE
    Package suggested but not available for checking: ‘rgdal’
Flavor: r-release-macos-arm64

Version: 2.0.1
Check: for GNU extensions in Makefiles
Result: NOTE
    GNU make is a SystemRequirements.
Flavor: r-release-macos-arm64