CRAN Package Check Results for Package oddstream

Last updated on 2021-05-06 10:50:02 CEST.

Flavor Version Tinstall Tcheck Ttotal Status Flags
r-devel-linux-x86_64-debian-clang 0.5.0 14.92 112.63 127.55 OK
r-devel-linux-x86_64-debian-gcc 0.5.0 11.35 84.00 95.35 OK
r-devel-linux-x86_64-fedora-clang 0.5.0 165.64 NOTE
r-devel-linux-x86_64-fedora-gcc 0.5.0 150.38 NOTE
r-devel-windows-ix86+x86_64 0.5.0 36.00 207.00 243.00 OK
r-devel-windows-x86_64-gcc10-UCRT 0.5.0 NOTE
r-patched-linux-x86_64 0.5.0 13.27 107.84 121.11 OK
r-patched-solaris-x86 0.5.0 222.70 NOTE
r-release-linux-x86_64 0.5.0 11.75 101.39 113.14 OK
r-release-macos-x86_64 0.5.0 NOTE
r-release-windows-ix86+x86_64 0.5.0 23.00 101.00 124.00 OK
r-oldrel-macos-x86_64 0.5.0 NOTE
r-oldrel-windows-ix86+x86_64 0.5.0 29.00 125.00 154.00 OK

Check Details

Version: 0.5.0
Check: dependencies in R code
Result: NOTE
    Namespaces in Imports field not imported from:
     ‘RColorBrewer’ ‘graphics’
     All declared Imports should be used.
Flavors: r-devel-linux-x86_64-fedora-clang, r-devel-linux-x86_64-fedora-gcc, r-devel-windows-x86_64-gcc10-UCRT, r-patched-solaris-x86, r-release-macos-x86_64, r-oldrel-macos-x86_64