CRAN Package Check Results for Package observer

Last updated on 2021-06-24 10:52:31 CEST.

Flavor Version Tinstall Tcheck Ttotal Status Flags
r-devel-linux-x86_64-debian-clang 0.1.2 4.53 48.44 52.97 NOTE
r-devel-linux-x86_64-debian-gcc 0.1.2 3.29 36.41 39.70 NOTE
r-devel-linux-x86_64-fedora-clang 0.1.2 73.93 NOTE
r-devel-linux-x86_64-fedora-gcc 0.1.2 60.47 NOTE
r-devel-windows-x86_64 0.1.2 8.00 52.00 60.00 NOTE
r-devel-windows-x86_64-gcc10-UCRT 0.1.2 NOTE
r-patched-linux-x86_64 0.1.2 4.54 45.27 49.81 NOTE
r-patched-solaris-x86 0.1.2 94.00 NOTE
r-release-linux-x86_64 0.1.2 3.78 45.18 48.96 NOTE
r-release-macos-arm64 0.1.2 NOTE
r-release-macos-x86_64 0.1.2 NOTE
r-release-windows-ix86+x86_64 0.1.2 10.00 50.00 60.00 NOTE
r-oldrel-macos-x86_64 0.1.2 OK

Check Details

Version: 0.1.2
Check: LazyData
Result: NOTE
     'LazyData' is specified without a 'data' directory
Flavors: r-devel-linux-x86_64-debian-clang, r-devel-linux-x86_64-debian-gcc, r-devel-linux-x86_64-fedora-clang, r-devel-linux-x86_64-fedora-gcc, r-devel-windows-x86_64, r-devel-windows-x86_64-gcc10-UCRT, r-patched-linux-x86_64, r-patched-solaris-x86, r-release-linux-x86_64, r-release-macos-arm64, r-release-macos-x86_64, r-release-windows-ix86+x86_64

Version: 0.1.2
Check: Rd cross-references
Result: NOTE
    Undeclared packages ‘ensurer’, ‘validate’ in Rd xrefs
Flavor: r-devel-linux-x86_64-fedora-clang