CRAN Package Check Results for Package npsf

Last updated on 2021-06-24 10:52:31 CEST.

Flavor Version Tinstall Tcheck Ttotal Status Flags
r-devel-linux-x86_64-debian-clang 0.8.0 34.98 80.38 115.36 OK
r-devel-linux-x86_64-debian-gcc 0.8.0 23.28 59.96 83.24 OK
r-devel-linux-x86_64-fedora-clang 0.8.0 150.78 OK
r-devel-linux-x86_64-fedora-gcc 0.8.0 135.57 OK
r-devel-windows-x86_64 0.8.0 46.00 80.00 126.00 OK
r-devel-windows-x86_64-gcc10-UCRT 0.8.0 OK
r-patched-linux-x86_64 0.8.0 27.88 78.66 106.54 OK
r-patched-solaris-x86 0.8.0 151.50 OK
r-release-linux-x86_64 0.8.0 26.61 78.30 104.91 OK
r-release-macos-arm64 0.8.0 NOTE
r-release-macos-x86_64 0.8.0 NOTE
r-release-windows-ix86+x86_64 0.8.0 67.00 112.00 179.00 OK
r-oldrel-macos-x86_64 0.8.0 NOTE

Check Details

Version: 0.8.0
Check: package dependencies
Result: NOTE
    Package suggested but not available for checking: ‘Rmpi’
Flavors: r-release-macos-arm64, r-release-macos-x86_64, r-oldrel-macos-x86_64