CRAN Package Check Results for Package notifyme

Last updated on 2021-06-14 10:51:56 CEST.

Flavor Version Tinstall Tcheck Ttotal Status Flags
r-devel-linux-x86_64-debian-clang 0.3.0 2.23 21.78 24.01 NOTE
r-devel-linux-x86_64-debian-gcc 0.3.0 1.72 17.34 19.06 NOTE
r-devel-linux-x86_64-fedora-clang 0.3.0 37.81 NOTE
r-devel-linux-x86_64-fedora-gcc 0.3.0 27.98 NOTE
r-devel-windows-x86_64 0.3.0 4.00 42.00 46.00 NOTE
r-devel-windows-x86_64-gcc10-UCRT 0.3.0 NOTE
r-patched-linux-x86_64 0.3.0 2.03 21.23 23.26 NOTE
r-patched-solaris-x86 0.3.0 45.90 NOTE
r-release-linux-x86_64 0.3.0 1.85 21.30 23.15 NOTE
r-release-macos-arm64 0.3.0 NOTE
r-release-macos-x86_64 0.3.0 NOTE
r-release-windows-ix86+x86_64 0.3.0 21.00 35.00 56.00 NOTE
r-oldrel-macos-x86_64 0.3.0 OK
r-oldrel-windows-ix86+x86_64 0.3.0 6.00 38.00 44.00 OK

Check Details

Version: 0.3.0
Check: LazyData
Result: NOTE
     'LazyData' is specified without a 'data' directory
Flavors: r-devel-linux-x86_64-debian-clang, r-devel-linux-x86_64-debian-gcc, r-devel-linux-x86_64-fedora-clang, r-devel-linux-x86_64-fedora-gcc, r-devel-windows-x86_64, r-devel-windows-x86_64-gcc10-UCRT, r-patched-linux-x86_64, r-patched-solaris-x86, r-release-linux-x86_64, r-release-macos-arm64, r-release-macos-x86_64, r-release-windows-ix86+x86_64