CRAN Package Check Results for Package nofrills

Last updated on 2021-06-14 10:51:56 CEST.

Flavor Version Tinstall Tcheck Ttotal Status Flags
r-devel-linux-x86_64-debian-clang 0.3.1 2.23 26.32 28.55 NOTE
r-devel-linux-x86_64-debian-gcc 0.3.1 1.84 20.71 22.55 NOTE
r-devel-linux-x86_64-fedora-clang 0.3.1 44.63 NOTE
r-devel-linux-x86_64-fedora-gcc 0.3.1 33.87 NOTE
r-devel-windows-x86_64 0.3.1 5.00 45.00 50.00 NOTE
r-devel-windows-x86_64-gcc10-UCRT 0.3.1 NOTE
r-patched-linux-x86_64 0.3.1 2.41 25.56 27.97 NOTE
r-patched-solaris-x86 0.3.1 53.50 NOTE
r-release-linux-x86_64 0.3.1 2.19 25.53 27.72 NOTE
r-release-macos-arm64 0.3.1 NOTE
r-release-macos-x86_64 0.3.1 NOTE
r-release-windows-ix86+x86_64 0.3.1 4.00 41.00 45.00 NOTE
r-oldrel-macos-x86_64 0.3.1 OK
r-oldrel-windows-ix86+x86_64 0.3.1 5.00 44.00 49.00 OK

Check Details

Version: 0.3.1
Check: LazyData
Result: NOTE
     'LazyData' is specified without a 'data' directory
Flavors: r-devel-linux-x86_64-debian-clang, r-devel-linux-x86_64-debian-gcc, r-devel-linux-x86_64-fedora-clang, r-devel-linux-x86_64-fedora-gcc, r-devel-windows-x86_64, r-devel-windows-x86_64-gcc10-UCRT, r-patched-linux-x86_64, r-patched-solaris-x86, r-release-linux-x86_64, r-release-macos-arm64, r-release-macos-x86_64, r-release-windows-ix86+x86_64