CRAN Package Check Results for Package neuroim

Last updated on 2021-06-22 23:50:40 CEST.

Flavor Version Tinstall Tcheck Ttotal Status Flags
r-devel-linux-x86_64-debian-clang 0.0.6 40.87 171.90 212.77 OK
r-devel-linux-x86_64-debian-gcc 0.0.6 30.18 125.56 155.74 OK
r-devel-linux-x86_64-fedora-clang 0.0.6 268.27 NOTE
r-devel-linux-x86_64-fedora-gcc 0.0.6 255.29 NOTE
r-devel-windows-x86_64 0.0.6 60.00 232.00 292.00 OK
r-devel-windows-x86_64-gcc10-UCRT 0.0.6 OK
r-patched-linux-x86_64 0.0.6 37.88 159.85 197.73 OK
r-patched-solaris-x86 0.0.6 316.90 OK
r-release-linux-x86_64 0.0.6 36.26 159.11 195.37 OK
r-release-macos-arm64 0.0.6 OK
r-release-macos-x86_64 0.0.6 OK
r-release-windows-ix86+x86_64 0.0.6 67.00 199.00 266.00 OK
r-oldrel-macos-x86_64 0.0.6 OK

Check Details

Version: 0.0.6
Check: compiled code
Result: NOTE
    File ‘neuroim/libs/neuroim.so’:
     Found no calls to: ‘R_registerRoutines’, ‘R_useDynamicSymbols’
    
    It is good practice to register native routines and to disable symbol
    search.
    
    See ‘Writing portable packages’ in the ‘Writing R Extensions’ manual.
Flavors: r-devel-linux-x86_64-fedora-clang, r-devel-linux-x86_64-fedora-gcc