CRAN Package Check Results for Package multiApply

Last updated on 2021-06-22 23:50:39 CEST.

Flavor Version Tinstall Tcheck Ttotal Status Flags
r-devel-linux-x86_64-debian-clang 2.1.3 3.21 32.52 35.73 NOTE
r-devel-linux-x86_64-debian-gcc 2.1.3 2.74 25.90 28.64 NOTE
r-devel-linux-x86_64-fedora-clang 2.1.3 53.07 NOTE
r-devel-linux-x86_64-fedora-gcc 2.1.3 43.16 NOTE
r-devel-windows-x86_64 2.1.3 6.00 53.00 59.00 NOTE
r-devel-windows-x86_64-gcc10-UCRT 2.1.3 NOTE
r-patched-linux-x86_64 2.1.3 3.35 32.05 35.40 NOTE
r-patched-solaris-x86 2.1.3 67.90 NOTE
r-release-linux-x86_64 2.1.3 2.97 31.99 34.96 NOTE
r-release-macos-arm64 2.1.3 NOTE
r-release-macos-x86_64 2.1.3 NOTE
r-release-windows-ix86+x86_64 2.1.3 8.00 36.00 44.00 NOTE
r-oldrel-macos-x86_64 2.1.3 OK

Check Details

Version: 2.1.3
Check: LazyData
Result: NOTE
     'LazyData' is specified without a 'data' directory
Flavors: r-devel-linux-x86_64-debian-clang, r-devel-linux-x86_64-debian-gcc, r-devel-linux-x86_64-fedora-clang, r-devel-linux-x86_64-fedora-gcc, r-devel-windows-x86_64, r-devel-windows-x86_64-gcc10-UCRT, r-patched-linux-x86_64, r-patched-solaris-x86, r-release-linux-x86_64, r-release-macos-arm64, r-release-macos-x86_64, r-release-windows-ix86+x86_64