CRAN Package Check Results for Package mscstexta4r

Last updated on 2021-06-22 23:50:39 CEST.

Flavor Version Tinstall Tcheck Ttotal Status Flags
r-devel-linux-x86_64-debian-clang 0.1.2 5.15 53.21 58.36 OK
r-devel-linux-x86_64-debian-gcc 0.1.2 4.44 40.06 44.50 OK
r-devel-linux-x86_64-fedora-clang 0.1.2 76.03 OK
r-devel-linux-x86_64-fedora-gcc 0.1.2 67.70 OK
r-devel-windows-x86_64 0.1.2 9.00 75.00 84.00 OK
r-devel-windows-x86_64-gcc10-UCRT 0.1.2 ERROR
r-patched-linux-x86_64 0.1.2 5.87 49.47 55.34 OK
r-patched-solaris-x86 0.1.2 103.70 OK
r-release-linux-x86_64 0.1.2 4.29 49.04 53.33 OK
r-release-macos-arm64 0.1.2 OK
r-release-macos-x86_64 0.1.2 OK
r-release-windows-ix86+x86_64 0.1.2 10.00 52.00 62.00 OK
r-oldrel-macos-x86_64 0.1.2 OK

Check Details

Version: 0.1.2
Check: package dependencies
Result: ERROR
    Package required but not available: 'httr'
    
    Package suggested but not available for checking: 'mscsweblm4r'
    
    See section 'The DESCRIPTION file' in the 'Writing R Extensions'
    manual.
Flavor: r-devel-windows-x86_64-gcc10-UCRT