CRAN Package Check Results for Package motifcluster

Last updated on 2021-06-24 10:52:30 CEST.

Flavor Version Tinstall Tcheck Ttotal Status Flags
r-devel-linux-x86_64-debian-clang 0.1.1 13.72 211.49 225.21 NOTE
r-devel-linux-x86_64-debian-gcc 0.1.1 11.74 157.13 168.87 NOTE
r-devel-linux-x86_64-fedora-clang 0.1.1 268.13 NOTE
r-devel-linux-x86_64-fedora-gcc 0.1.1 264.64 NOTE
r-devel-windows-x86_64 0.1.1 23.00 178.00 201.00 NOTE
r-devel-windows-x86_64-gcc10-UCRT 0.1.1 NOTE
r-patched-linux-x86_64 0.1.1 15.53 202.34 217.87 NOTE
r-patched-solaris-x86 0.1.1 367.30 NOTE
r-release-linux-x86_64 0.1.1 12.55 201.65 214.20 NOTE
r-release-macos-arm64 0.1.1 NOTE
r-release-macos-x86_64 0.1.1 NOTE
r-release-windows-ix86+x86_64 0.1.1 27.00 175.00 202.00 NOTE
r-oldrel-macos-x86_64 0.1.1 OK

Check Details

Version: 0.1.1
Check: LazyData
Result: NOTE
     'LazyData' is specified without a 'data' directory
Flavors: r-devel-linux-x86_64-debian-clang, r-devel-linux-x86_64-debian-gcc, r-devel-linux-x86_64-fedora-clang, r-devel-linux-x86_64-fedora-gcc, r-devel-windows-x86_64, r-devel-windows-x86_64-gcc10-UCRT, r-patched-linux-x86_64, r-patched-solaris-x86, r-release-linux-x86_64, r-release-macos-arm64, r-release-macos-x86_64, r-release-windows-ix86+x86_64

Version: 0.1.1
Check: package dependencies
Result: NOTE
    Package suggested but not available for checking: 'covr'
Flavor: r-devel-windows-x86_64-gcc10-UCRT