CRAN Package Check Results for Package modchart

Last updated on 2021-05-11 10:48:31 CEST.

Flavor Version Tinstall Tcheck Ttotal Status Flags
r-devel-linux-x86_64-debian-clang 0.5 35.26 98.42 133.68 OK
r-devel-linux-x86_64-debian-gcc 0.5 27.39 74.03 101.42 OK
r-devel-linux-x86_64-fedora-clang 0.5 183.41 NOTE
r-devel-linux-x86_64-fedora-gcc 0.5 164.20 NOTE
r-devel-windows-ix86+x86_64 0.5 65.00 121.00 186.00 OK
r-devel-windows-x86_64-gcc10-UCRT 0.5 NOTE
r-patched-linux-x86_64 0.5 31.74 94.30 126.04 OK
r-patched-solaris-x86 0.5 273.60 NOTE
r-release-linux-x86_64 0.5 33.45 93.01 126.46 OK
r-release-macos-x86_64 0.5 NOTE
r-release-windows-ix86+x86_64 0.5 48.00 91.00 139.00 OK
r-oldrel-macos-x86_64 0.5 NOTE
r-oldrel-windows-ix86+x86_64 0.5 54.00 108.00 162.00 OK

Check Details

Version: 0.5
Check: package dependencies
Result: NOTE
    Imports includes 22 non-default packages.
    Importing from so many packages makes the package vulnerable to any of
    them becoming unavailable. Move as many as possible to Suggests and
    use conditionally.
Flavor: r-devel-linux-x86_64-fedora-clang

Version: 0.5
Check: dependencies in R code
Result: NOTE
    Namespace in Imports field not imported from: ‘lazyeval’
     All declared Imports should be used.
Flavors: r-devel-linux-x86_64-fedora-clang, r-devel-linux-x86_64-fedora-gcc, r-devel-windows-x86_64-gcc10-UCRT, r-patched-solaris-x86, r-release-macos-x86_64, r-oldrel-macos-x86_64