CRAN Package Check Results for Package mmb

Last updated on 2021-06-16 10:52:25 CEST.

Flavor Version Tinstall Tcheck Ttotal Status Flags
r-devel-linux-x86_64-debian-clang 0.13.3 3.44 115.57 119.01 NOTE
r-devel-linux-x86_64-debian-gcc 0.13.3 3.00 86.44 89.44 NOTE
r-devel-linux-x86_64-fedora-clang 0.13.3 147.55 NOTE
r-devel-linux-x86_64-fedora-gcc 0.13.3 136.85 NOTE
r-devel-windows-x86_64 0.13.3 6.00 152.00 158.00 NOTE
r-devel-windows-x86_64-gcc10-UCRT 0.13.3 NOTE
r-patched-linux-x86_64 0.13.3 3.42 111.94 115.36 NOTE
r-patched-solaris-x86 0.13.3 183.30 NOTE
r-release-linux-x86_64 0.13.3 3.85 111.71 115.56 NOTE
r-release-macos-arm64 0.13.3 NOTE
r-release-macos-x86_64 0.13.3 NOTE
r-release-windows-ix86+x86_64 0.13.3 8.00 150.00 158.00 NOTE
r-oldrel-macos-x86_64 0.13.3 NOTE
r-oldrel-windows-ix86+x86_64 0.13.3 7.00 157.00 164.00 OK

Check Details

Version: 0.13.3
Check: LazyData
Result: NOTE
     'LazyData' is specified without a 'data' directory
Flavors: r-devel-linux-x86_64-debian-clang, r-devel-linux-x86_64-debian-gcc, r-devel-linux-x86_64-fedora-clang, r-devel-linux-x86_64-fedora-gcc, r-devel-windows-x86_64, r-devel-windows-x86_64-gcc10-UCRT, r-patched-linux-x86_64, r-patched-solaris-x86, r-release-linux-x86_64, r-release-macos-arm64, r-release-macos-x86_64, r-release-windows-ix86+x86_64

Version: 0.13.3
Check: dependencies in R code
Result: NOTE
    Namespaces in Imports field not imported from:
     ‘datasets’ ‘doParallel’ ‘parallel’
     All declared Imports should be used.
Flavors: r-devel-linux-x86_64-fedora-clang, r-devel-linux-x86_64-fedora-gcc, r-devel-windows-x86_64-gcc10-UCRT, r-patched-solaris-x86, r-release-macos-arm64, r-release-macos-x86_64, r-oldrel-macos-x86_64