CRAN Package Check Results for Package mlr3cluster

Last updated on 2021-06-12 23:49:12 CEST.

Flavor Version Tinstall Tcheck Ttotal Status Flags
r-devel-linux-x86_64-debian-clang 0.1.1 19.12 73.08 92.20 OK
r-devel-linux-x86_64-debian-gcc 0.1.1 14.72 53.86 68.58 OK
r-devel-linux-x86_64-fedora-clang 0.1.1 118.63 OK
r-devel-linux-x86_64-fedora-gcc 0.1.1 108.89 OK
r-devel-windows-x86_64 0.1.1 29.00 95.00 124.00 OK
r-devel-windows-x86_64-gcc10-UCRT 0.1.1 OK
r-patched-linux-x86_64 0.1.1 21.95 68.28 90.23 OK
r-patched-solaris-x86 0.1.1 152.10 NOTE
r-release-linux-x86_64 0.1.1 18.38 66.81 85.19 OK
r-release-macos-arm64 0.1.1 ERROR
r-release-macos-x86_64 0.1.1 OK
r-release-windows-ix86+x86_64 0.1.1 26.00 94.00 120.00 OK
r-oldrel-macos-x86_64 0.1.1 OK
r-oldrel-windows-ix86+x86_64 0.1.1 22.00 96.00 118.00 OK

Check Details

Version: 0.1.1
Check: package dependencies
Result: NOTE
    Package suggested but not available for checking: ‘RWeka’
Flavor: r-patched-solaris-x86

Version: 0.1.1
Check: tests
Result: ERROR
     Running ‘testthat.R’ [3s/3s]
    Running the tests in ‘tests/testthat.R’ failed.
    Complete output:
     > if (requireNamespace("testthat", quietly = TRUE)) {
     + library(checkmate)
     + library(testthat)
     + library(mlr3)
     + library(mlr3cluster)
     +
     + test_check("mlr3cluster")
     + }
Flavor: r-release-macos-arm64