CRAN Package Check Results for Package mixexp

Last updated on 2021-06-17 23:49:29 CEST.

Flavor Version Tinstall Tcheck Ttotal Status Flags
r-devel-linux-x86_64-debian-clang 1.2.5 9.47 65.80 75.27 OK
r-devel-linux-x86_64-debian-gcc 1.2.5 7.69 49.27 56.96 OK
r-devel-linux-x86_64-fedora-clang 1.2.5 99.74 NOTE
r-devel-linux-x86_64-fedora-gcc 1.2.5 88.56 NOTE
r-devel-windows-x86_64 1.2.5 16.00 74.00 90.00 OK
r-devel-windows-x86_64-gcc10-UCRT 1.2.5 OK
r-patched-linux-x86_64 1.2.5 9.87 63.45 73.32 OK
r-patched-solaris-x86 1.2.5 130.40 OK
r-release-linux-x86_64 1.2.5 9.09 63.89 72.98 OK
r-release-macos-arm64 1.2.5 OK
r-release-macos-x86_64 1.2.5 OK
r-release-windows-ix86+x86_64 1.2.5 22.00 82.00 104.00 OK
r-oldrel-macos-x86_64 1.2.5 OK
r-oldrel-windows-ix86+x86_64 1.2.5 15.00 109.00 124.00 OK

Check Details

Version: 1.2.5
Check: compiled code
Result: NOTE
    File ‘mixexp/libs/mixexp.so’:
     Found no calls to: ‘R_registerRoutines’, ‘R_useDynamicSymbols’
    
    It is good practice to register native routines and to disable symbol
    search.
    
    See ‘Writing portable packages’ in the ‘Writing R Extensions’ manual.
Flavors: r-devel-linux-x86_64-fedora-clang, r-devel-linux-x86_64-fedora-gcc