CRAN Package Check Results for Package missSBM

Last updated on 2021-06-12 23:49:12 CEST.

Flavor Version Tinstall Tcheck Ttotal Status Flags
r-devel-linux-x86_64-debian-clang 1.0.1 127.08 336.70 463.78 OK
r-devel-linux-x86_64-debian-gcc 1.0.1 87.99 249.88 337.87 OK
r-devel-linux-x86_64-fedora-clang 1.0.1 598.94 NOTE
r-devel-linux-x86_64-fedora-gcc 1.0.1 560.12 OK
r-devel-windows-x86_64 1.0.1 144.00 480.00 624.00 OK
r-devel-windows-x86_64-gcc10-UCRT 1.0.1 OK
r-patched-linux-x86_64 1.0.1 107.80 328.45 436.25 OK
r-patched-solaris-x86 1.0.1 965.00 OK
r-release-linux-x86_64 1.0.1 100.15 323.83 423.98 OK
r-release-macos-arm64 1.0.0 NOTE
r-release-macos-x86_64 1.0.1 NOTE
r-release-windows-ix86+x86_64 1.0.1 217.00 630.00 847.00 OK
r-oldrel-macos-x86_64 1.0.1 NOTE
r-oldrel-windows-ix86+x86_64 1.0.1 249.00 711.00 960.00 OK

Check Details

Version: 1.0.1
Check: installed package size
Result: NOTE
     installed size is 6.8Mb
     sub-directories of 1Mb or more:
     libs 4.7Mb
Flavors: r-devel-linux-x86_64-fedora-clang, r-release-macos-x86_64, r-oldrel-macos-x86_64

Version: 1.0.0
Check: installed package size
Result: NOTE
     installed size is 8.2Mb
     sub-directories of 1Mb or more:
     libs 6.0Mb
Flavor: r-release-macos-arm64