CRAN Package Check Results for Package miscset

Last updated on 2021-06-20 23:49:50 CEST.

Flavor Version Tinstall Tcheck Ttotal Status Flags
r-devel-linux-x86_64-debian-clang 1.1.0 25.31 89.06 114.37 OK
r-devel-linux-x86_64-debian-gcc 1.1.0 16.38 64.66 81.04 OK
r-devel-linux-x86_64-fedora-clang 1.1.0 146.82 OK
r-devel-linux-x86_64-fedora-gcc 1.1.0 132.00 OK
r-devel-windows-x86_64 1.1.0 35.00 119.00 154.00 OK
r-devel-windows-x86_64-gcc10-UCRT 1.1.0 ERROR
r-patched-linux-x86_64 1.1.0 24.67 82.66 107.33 OK
r-patched-solaris-x86 1.1.0 170.70 OK
r-release-linux-x86_64 1.1.0 19.13 82.26 101.39 OK
r-release-macos-arm64 1.1.0 OK
r-release-macos-x86_64 1.1.0 OK
r-release-windows-ix86+x86_64 1.1.0 57.00 153.00 210.00 OK
r-oldrel-macos-x86_64 1.1.0 OK

Check Details

Version: 1.1.0
Check: package dependencies
Result: ERROR
    Package required but not available: 'devtools'
    
    See section 'The DESCRIPTION file' in the 'Writing R Extensions'
    manual.
Flavor: r-devel-windows-x86_64-gcc10-UCRT