CRAN Package Check Results for Package mipfp

Last updated on 2021-05-12 10:51:46 CEST.

Flavor Version Tinstall Tcheck Ttotal Status Flags
r-devel-linux-x86_64-debian-clang 3.2.1 3.44 35.59 39.03 OK
r-devel-linux-x86_64-debian-gcc 3.2.1 2.91 27.56 30.47 OK
r-devel-linux-x86_64-fedora-clang 3.2.1 58.49 OK
r-devel-linux-x86_64-fedora-gcc 3.2.1 46.74 OK
r-devel-windows-ix86+x86_64 3.2.1 7.00 14.00 21.00 ERROR
r-devel-windows-x86_64-gcc10-UCRT 3.2.1 OK
r-patched-linux-x86_64 3.2.1 4.00 35.18 39.18 OK
r-patched-solaris-x86 3.2.1 66.30 OK
r-release-linux-x86_64 3.2.1 3.46 34.43 37.89 OK
r-release-macos-x86_64 3.2.1 OK
r-release-windows-ix86+x86_64 3.2.1 8.00 40.00 48.00 OK
r-oldrel-macos-x86_64 3.2.1 OK
r-oldrel-windows-ix86+x86_64 3.2.1 7.00 37.00 44.00 OK

Check Details

Version: 3.2.1
Check: whether package can be installed
Result: ERROR
    Installation failed.
Flavor: r-devel-windows-ix86+x86_64