CRAN Package Check Results for Package minval

Last updated on 2021-06-20 23:49:49 CEST.

Flavor Version Tinstall Tcheck Ttotal Status Flags
r-devel-linux-x86_64-debian-clang 0.8-1 3.39 79.80 83.19 NOTE
r-devel-linux-x86_64-debian-gcc 0.8-1 2.87 58.02 60.89 NOTE
r-devel-linux-x86_64-fedora-clang 0.8-1 108.63 NOTE
r-devel-linux-x86_64-fedora-gcc 0.8-1 94.85 NOTE
r-devel-windows-x86_64 0.8-1 6.00 108.00 114.00 NOTE
r-devel-windows-x86_64-gcc10-UCRT 0.8-1 NOTE
r-patched-linux-x86_64 0.8-1 3.60 75.15 78.75 NOTE
r-patched-solaris-x86 0.8-1 137.30 NOTE
r-release-linux-x86_64 0.8-1 3.08 74.70 77.78 NOTE
r-release-macos-arm64 0.8-1 NOTE
r-release-macos-x86_64 0.8-1 NOTE
r-release-windows-ix86+x86_64 0.8-1 7.00 133.00 140.00 NOTE
r-oldrel-macos-x86_64 0.8-1 OK

Check Details

Version: 0.8-1
Check: LazyData
Result: NOTE
     'LazyData' is specified without a 'data' directory
Flavors: r-devel-linux-x86_64-debian-clang, r-devel-linux-x86_64-debian-gcc, r-devel-linux-x86_64-fedora-clang, r-devel-linux-x86_64-fedora-gcc, r-devel-windows-x86_64, r-devel-windows-x86_64-gcc10-UCRT, r-patched-linux-x86_64, r-patched-solaris-x86, r-release-linux-x86_64, r-release-macos-arm64, r-release-macos-x86_64, r-release-windows-ix86+x86_64

Version: 0.8-1
Check: for non-standard things in the check directory
Result: NOTE
    Found the following files/directories:
     'glycolysis.xml' 'glycolysis_desc.tsv' 'glycolysis_met.tsv'
     'glycolysis_react.tsv'
Flavors: r-devel-linux-x86_64-debian-clang, r-devel-linux-x86_64-debian-gcc, r-devel-linux-x86_64-fedora-clang, r-devel-linux-x86_64-fedora-gcc, r-patched-linux-x86_64, r-patched-solaris-x86, r-release-linux-x86_64