CRAN Package Check Results for Package metagear

Last updated on 2021-06-16 10:52:24 CEST.

Flavor Version Tinstall Tcheck Ttotal Status Flags
r-devel-linux-x86_64-debian-clang 0.7 12.33 118.28 130.61 OK
r-devel-linux-x86_64-debian-gcc 0.7 10.69 90.48 101.17 OK
r-devel-linux-x86_64-fedora-clang 0.7 167.29 OK
r-devel-linux-x86_64-fedora-gcc 0.7 153.98 OK
r-devel-windows-x86_64 0.7 19.00 129.00 148.00 OK
r-devel-windows-x86_64-gcc10-UCRT 0.7 OK
r-patched-linux-x86_64 0.7 14.24 115.56 129.80 OK
r-patched-solaris-x86 0.7 215.30 OK
r-release-linux-x86_64 0.7 12.76 118.73 131.49 OK
r-release-macos-arm64 0.7 NOTE
r-release-macos-x86_64 0.7 OK
r-release-windows-ix86+x86_64 0.7 27.00 123.00 150.00 OK
r-oldrel-macos-x86_64 0.7 OK
r-oldrel-windows-ix86+x86_64 0.7 18.00 85.00 103.00 OK

Check Details

Version: 0.7
Check: package dependencies
Result: NOTE
    Package suggested but not available for checking: ‘EBImage’
Flavor: r-release-macos-arm64