CRAN Package Check Results for Package metagam

Last updated on 2021-06-16 10:52:24 CEST.

Flavor Version Tinstall Tcheck Ttotal Status Flags
r-devel-linux-x86_64-debian-clang 0.2.0 7.14 181.31 188.45 NOTE
r-devel-linux-x86_64-debian-gcc 0.2.0 5.52 132.74 138.26 NOTE
r-devel-linux-x86_64-fedora-clang 0.2.0 223.80 NOTE
r-devel-linux-x86_64-fedora-gcc 0.2.0 218.09 NOTE
r-devel-windows-x86_64 0.2.0 11.00 216.00 227.00 NOTE
r-devel-windows-x86_64-gcc10-UCRT 0.2.0 NOTE
r-patched-linux-x86_64 0.2.0 7.23 171.68 178.91 NOTE
r-patched-solaris-x86 0.2.0 298.00 NOTE
r-release-linux-x86_64 0.2.0 5.46 176.50 181.96 NOTE
r-release-macos-arm64 0.2.0 NOTE
r-release-macos-x86_64 0.2.0 NOTE
r-release-windows-ix86+x86_64 0.2.0 18.00 213.00 231.00 NOTE
r-oldrel-macos-x86_64 0.2.0 OK
r-oldrel-windows-ix86+x86_64 0.2.0 20.00 168.00 188.00 OK

Check Details

Version: 0.2.0
Check: LazyData
Result: NOTE
     'LazyData' is specified without a 'data' directory
Flavors: r-devel-linux-x86_64-debian-clang, r-devel-linux-x86_64-debian-gcc, r-devel-linux-x86_64-fedora-clang, r-devel-linux-x86_64-fedora-gcc, r-devel-windows-x86_64, r-devel-windows-x86_64-gcc10-UCRT, r-patched-linux-x86_64, r-patched-solaris-x86, r-release-linux-x86_64, r-release-macos-arm64, r-release-macos-x86_64, r-release-windows-ix86+x86_64