CRAN Package Check Results for Package matrixdist

Last updated on 2021-06-17 23:49:29 CEST.

Flavor Version Tinstall Tcheck Ttotal Status Flags
r-devel-linux-x86_64-debian-clang 1.0.2 71.19 41.12 112.31 OK
r-devel-linux-x86_64-debian-gcc 1.0.2 46.92 32.12 79.04 OK
r-devel-linux-x86_64-fedora-clang 1.1.0 340.73 NOTE
r-devel-linux-x86_64-fedora-gcc 1.1.0 274.35 OK
r-devel-windows-x86_64 1.0.2 86.00 63.00 149.00 OK
r-devel-windows-x86_64-gcc10-UCRT 1.0.2 OK
r-patched-linux-x86_64 1.0.2 55.77 40.44 96.21 OK
r-patched-solaris-x86 1.1.0 26.40 ERROR
r-release-linux-x86_64 1.0.2 56.23 40.10 96.33 OK
r-release-macos-arm64 1.0.2 OK
r-release-macos-x86_64 1.0.2 OK
r-release-windows-ix86+x86_64 1.0.2 159.00 72.00 231.00 OK
r-oldrel-macos-x86_64 1.0.2 OK
r-oldrel-windows-ix86+x86_64 1.0.2 127.00 92.00 219.00 OK

Check Details

Version: 1.1.0
Check: installed package size
Result: NOTE
     installed size is 7.6Mb
     sub-directories of 1Mb or more:
     libs 7.0Mb
Flavor: r-devel-linux-x86_64-fedora-clang

Version: 1.1.0
Check: whether package can be installed
Result: ERROR
    Installation failed.
Flavor: r-patched-solaris-x86