CRAN Package Check Results for Package mapStats

Last updated on 2021-06-24 10:52:28 CEST.

Flavor Version Tinstall Tcheck Ttotal Status Flags
r-devel-linux-x86_64-debian-clang 2.4 12.76 116.85 129.61 NOTE
r-devel-linux-x86_64-debian-gcc 2.4 10.20 86.67 96.87 NOTE
r-devel-linux-x86_64-fedora-clang 2.4 161.60 NOTE
r-devel-linux-x86_64-fedora-gcc 2.4 152.46 NOTE
r-devel-windows-x86_64 2.4 24.00 134.00 158.00 NOTE
r-devel-windows-x86_64-gcc10-UCRT 2.4 NOTE
r-patched-linux-x86_64 2.4 15.64 109.67 125.31 NOTE
r-patched-solaris-x86 2.4 223.70 NOTE
r-release-linux-x86_64 2.4 13.12 108.48 121.60 NOTE
r-release-macos-arm64 2.4 NOTE
r-release-macos-x86_64 2.4 NOTE
r-release-windows-ix86+x86_64 2.4 27.00 187.00 214.00 NOTE
r-oldrel-macos-x86_64 2.4 NOTE

Check Details

Version: 2.4
Check: R code for possible problems
Result: NOTE
    calcStats: no visible global function definition for 'as.formula'
    calcStats: no visible global function definition for 'na.omit'
    Undefined global functions or variables:
     as.formula na.omit
    Consider adding
     importFrom("stats", "as.formula", "na.omit")
    to your NAMESPACE file.
Flavors: r-devel-linux-x86_64-debian-clang, r-devel-linux-x86_64-debian-gcc, r-devel-linux-x86_64-fedora-clang, r-devel-linux-x86_64-fedora-gcc, r-devel-windows-x86_64, r-devel-windows-x86_64-gcc10-UCRT, r-patched-linux-x86_64, r-patched-solaris-x86, r-release-linux-x86_64, r-release-macos-arm64, r-release-macos-x86_64, r-release-windows-ix86+x86_64, r-oldrel-macos-x86_64