CRAN Package Check Results for Package lmPerm

Last updated on 2021-06-19 10:52:06 CEST.

Flavor Version Tinstall Tcheck Ttotal Status Flags
r-devel-linux-x86_64-debian-clang 2.1.0 5.63 47.99 53.62 OK
r-devel-linux-x86_64-debian-gcc 2.1.0 4.03 37.49 41.52 OK
r-devel-linux-x86_64-fedora-clang 2.1.0 75.24 NOTE
r-devel-linux-x86_64-fedora-gcc 2.1.0 64.41 NOTE
r-devel-windows-x86_64 2.1.0 9.00 56.00 65.00 OK
r-devel-windows-x86_64-gcc10-UCRT 2.1.0 OK
r-patched-linux-x86_64 2.1.0 5.00 47.19 52.19 OK
r-patched-solaris-x86 2.1.0 90.40 OK
r-release-linux-x86_64 2.1.0 5.04 46.48 51.52 OK
r-release-macos-arm64 2.1.0 OK
r-release-macos-x86_64 2.1.0 OK
r-release-windows-ix86+x86_64 2.1.0 12.00 75.00 87.00 OK
r-oldrel-macos-x86_64 2.1.0 OK
r-oldrel-windows-ix86+x86_64 2.1.0 11.00 77.00 88.00 OK

Check Details

Version: 2.1.0
Check: compiled code
Result: NOTE
    File ‘lmPerm/libs/lmPerm.so’:
     Found no calls to: ‘R_registerRoutines’, ‘R_useDynamicSymbols’
    
    It is good practice to register native routines and to disable symbol
    search.
    
    See ‘Writing portable packages’ in the ‘Writing R Extensions’ manual.
Flavors: r-devel-linux-x86_64-fedora-clang, r-devel-linux-x86_64-fedora-gcc