CRAN Package Check Results for Package lexRankr

Last updated on 2021-06-22 23:50:36 CEST.

Flavor Version Tinstall Tcheck Ttotal Status Flags
r-devel-linux-x86_64-debian-clang 0.5.2 17.56 36.70 54.26 OK
r-devel-linux-x86_64-debian-gcc 0.5.2 12.33 28.33 40.66 OK
r-devel-linux-x86_64-fedora-clang 0.5.2 82.98 OK
r-devel-linux-x86_64-fedora-gcc 0.5.2 67.22 OK
r-devel-windows-x86_64 0.5.2 25.00 51.00 76.00 OK
r-devel-windows-x86_64-gcc10-UCRT 0.5.2 NOTE
r-patched-linux-x86_64 0.5.2 13.69 35.25 48.94 OK
r-patched-solaris-x86 0.5.2 86.10 OK
r-release-linux-x86_64 0.5.2 16.28 35.63 51.91 OK
r-release-macos-arm64 0.5.2 OK
r-release-macos-x86_64 0.5.2 OK
r-release-windows-ix86+x86_64 0.5.2 45.00 65.00 110.00 OK
r-oldrel-macos-x86_64 0.5.2 OK

Check Details

Version: 0.5.2
Check: package dependencies
Result: NOTE
    Package suggested but not available for checking: 'covr'
Flavor: r-devel-windows-x86_64-gcc10-UCRT